
Convert 30 (base 8) to base 11.
22
What is -67 (base 12) in base 15?
-54
What is -1110 (base 3) in base 15?
-29
-2 (base 11) to base 4
-2
What is 22000 (base 3) in base 9?
260
-129 (base 11) to base 5
-1102
Convert 1111 (base 2) to base 7.
21
22 (base 14) to base 13
24
-2 (base 3) to base 12
-2
What is 6 (base 15) in base 5?
11
Convert -39 (base 16) to base 12.
-49
Convert 208 (base 9) to base 4.
2222
What is -10 (base 2) in base 15?
-2
-20 (base 4) to base 6
-12
-3 (base 5) to base 8
-3
Convert -10 (base 8) to base 10.
-8
What is -4 (base 12) in base 3?
-11
-77 (base 13) to base 16
-62
5 (base 16) to base 3
12
417 (base 9) to base 12
244
What is e (base 15) in base 16?
e
What is 2 (base 8) in base 2?
10
Convert -220 (base 7) to base 4.
-1300
6 (base 11) to base 16
6
What is -2 (base 14) in base 7?
-2
1110 (base 2) to base 8
16
What is 0 (base 8) in base 4?
0
Convert -12 (base 9) to base 14.
-b
660 (base 7) to base 4
11100
What is -7 (base 10) in base 9?
-7
What is -2 (base 9) in base 16?
-2
5 (base 8) to base 3
12
-3 (base 14) to base 11
-3
Convert -15c (base 13) to base 2.
-11110110
Convert 5 (base 11) to base 9.
5
Convert 8 (base 16) to base 4.
20
What is -2 (base 9) in base 11?
-2
What is 651 (base 7) in base 8?
512
Convert 110 (base 3) to base 10.
12
Convert -315 (base 9) to base 13.
-16a
-101 (base 2) to base 12
-5
Convert 14 (base 13) to base 15.
12
-80 (base 12) to base 5
-341
-2 (base 12) to base 14
-2
Convert 31 (base 7) to base 4.
112
What is -4 (base 5) in base 11?
-4
What is -13 (base 5) in base 4?
-20
What is 1 (base 6) in base 3?
1
Convert 0 (base 4) to base 9.
0
Convert -10 (base 3) to base 8.
-3
-1 (base 16) to base 13
-1
What is -5 (base 7) in base 6?
-5
-2 (base 15) to base 13
-2
Convert -65 (base 15) to base 6.
-235
Convert -122 (base 14) to base 5.
-1401
Convert -111 (base 2) to base 14.
-7
What is 6 (base 8) in base 10?
6
-3 (base 6) to base 14
-3
10 (base 8) to base 5
13
Convert 0 (base 11) to base 16.
0
0 (base 13) to base 15
0
1311 (base 4) to base 7
225
What is 29 (base 12) in base 8?
41
1a (base 12) to base 13
19
What is -3 (base 13) in base 6?
-3
-10 (base 9) to base 13
-9
Convert -11 (base 2) to base 3.
-10
Convert -5c (base 15) to base 3.
-10020
1 (base 13) to base 11
1
Convert -224 (base 6) to base 16.
-58
What is -2 (base 10) in base 14?
-2
Convert 35 (base 8) to base 5.
104
What is -1 (base 5) in base 7?
-1
What is -5 (base 7) in base 12?
-5
What is 3 (base 12) in base 14?
3
What is -1100 (base 2) in base 9?
-13
Convert 7 (base 11) to base 12.
7
9 (base 16) to base 7
12
What is 104 (base 5) in base 7?
41
What is 3 (base 16) in base 12?
3
5 (base 10) to base 14
5
-27 (base 10) to base 2
-11011
What is 120 (base 6) in base 9?
53
What is 26 (base 8) in base 10?
22
Convert 332 (base 10) to base 13.
1c7
What is 10 (base 7) in base 6?
11
Convert -90 (base 12) to base 14.
-7a
10022 (base 3) to base 7
155
20221 (base 3) to base 12
137
Convert -233 (base 12) to base 6.
-1303
Convert 12 (base 6) to base 8.
10
-14 (base 13) to base 11
-16
-2110 (base 3) to base 4
-1002
135 (base 12) to base 7
353
0 (base 7) to base 10
0
-8 (base 11) to base 8
-10
Convert -2b (base 16) to base 6.
-111
What is 18 (base 11) in base 7?
25
-52 (base 11) to base 5
-212
What is -3 (base 5) in base 4?
-3
-3 (base 12) to base 8
-3
0 (base 9) to base 13
0
-3200 (base 4) to base 15
-ee
What is 46 (base 14) in base 4?
332
Convert -121 (base 9) to base 5.
-400
Convert 1a (base 15) to base 11.
23
9 (base 12) to base 8
11
Convert 1 (base 14) to base 13.
1
What is -2 (base 9) in base 13?
-2
What is 16 (base 7) in base 5?
23
Convert -21 (base 10) to base 9.
-23
200 (base 6) to base 5
242
What is 5 (base 7) in base 11?
5
Convert -30 (base 7) to base 4.
-111
Convert 50 (base 11) to base 16.
37
3 (base 8) to base 14
3
-100010 (base 2) to base 16
-22
What is -4 (base 11) in base 15?
-4
Convert -1111001 (base 2) to base 9.
-144
What is -5 (base 11) in base 8?
-5
Convert 11000111 (base 2) to base 3.
21101
What is -11 (base 3) in base 2?
-100
What is -100 (base 2) in base 14?
-4
What is -1043 (base 6) in base 4?
-3303
Convert -1 (base 16) to base 6.
-1
What is 10 (base 6) in base 12?
6
Convert 101100 (base 2) to base 12.
38
-4b (base 12) to base 9
-65
-16 (base 14) to base 16
-14
Convert -1 (base 15) to base 12.
-1
Convert 1 (base 5) to base 6.
1
What is -4 (base 15) in base 6?
-4
Convert 7 (base 13) to base 16.
7
What is -21 (base 13) in base 15?
-1c
What is 10 (base 6) in base 12?
6
What is 33 (base 4) in base 9?
16
What is 5 (base 10) in base 14?
5
-119 (base 10) to base 5
-434
Convert 84 (base 16) to base 8.
204
Convert 112 (base 3) to base 8.
16
-110 (base 2) to base 16
-6
-7 (base 12) to base 4
-13
-406 (base 7) to base 5
-1302
Convert 25 (base 12) to base 11.
27
What is 3 (base 8) in base 15?
3
-11111 (base 2) to base 16
-1f
Convert -6 (base 16) to base 2.
-110
Convert 2 (base 4) to base 10.
2
5 (base 7) to base 11
5
Convert -59 (base 12) to base 6.
-153
What is -134 (base 7) in base 5?
-244
47 (base 14) to base 8
77
What is -4 (base 15) in base 7?
-4
Convert -2 (base 9) to base 3.
-2
Convert 3 (base 12) to base 7.
3
Convert 5 (base 12) to base 3.
12
-3 (base 5) to base 8
-3
4 (base 12) to base 7
4
0 (base 8) to base 11
0
What is -1 (base 8) in base 14?
-1
Convert 4 (base 6) to base 12.
4
What is -4 (base 13) in base 5?
-4
2 (base 12) to base 15
2
What is -27 (base 15) in base 16?
-25
-4 (base 15) to base 16
-4
10122 (base 3) to base 11
8a
77 (base 12) to base 15
61
Convert 2 (base 5) to base 11.
2
Convert 1 (base 12) to base 5.
1
Convert 112 (base 5) to base 6.
52
Convert -12 (base 6) to base 3.
-22
-10 (base 8) to base 6
-12
Convert 9 (base 16) to base 5.
14
What is 21 (base 3) in base 15?
7
Convert 0 (base 15) to base 9.
0
What is 0 (base 7) in base 15?
0
What is -24 (base 5) in base 8?
-16
b (base 14) to base 7
14
41 (base 6) to base 13
1c
-114 (base 6) to base 16
-2e
Convert -26 (base 7) to base 8.
-24
Convert 1 (base 2) to base 12.
1
-44 (base 9) to base 15
-2a
Convert 2 (base 10) to base 13.
2
3 (base 4) to base 2
11
Convert 2 (base 11) to base 12.
2
79 (base 11) to base 5
321
Convert 23 (base 8) to base 12.
17
50 (base 7) to base 6
55
-111 (base 9) to base 3
-10101
Convert 2 (base 12) to base 7.
2
Convert 2 (base 5) to base 16.
2
-4 (base 11) to base 9
-4
47 (base 13) to base 10
59
What is 34 (base 13) in base 2?
101011
Convert 2 (base 9) to base 16.
2
Convert 3 (base 6) to base 15.
3
Convert 0 (base 9) to base 2.
0
What is -22 (base 10) in base 4?
-112
What is 21 (base 3) in base 7?
10
What is -76 (base 12) in base 10?
-90
253 (base 8) to base 16
ab
What is 2 (base 3) in base 2?
10
46 (base 9) to base 13
33
222 (base 3) to base 4
122
Convert 3 (base 13) to base 2.
11
What is -8 (base 16) in base 9?
-8
What is 60 (base 11) in base 3?
2110
Convert -cd (base 14) to base 2.
-10110101
What is 5 (base 10) in base 15?
5
-1 (base 3) to base 8
-1
What is 120 (base 3) in base 12?
13
Convert -1000111 (base 2) to base 10.
-71
Convert -50 (base 13) to base 3.
-2102
What is -28 (base 12) in base 11?
-2a
-7 (base 16) to base 7
-10
Convert -223 (base 6) to base 16.
-57
42 (base 13) to base 7
105
Convert -1121 (base 3) to base 14.
-31
What is -20201 (base 3) in base 11?
-155
What is -2b (base 15) in base 12?
-35
Convert 2 (base 11) to base 14.
2
What is 1 (base 11) in base 6?
1
-110 (base 2) to base 4
-12
Convert -64 (base 15) to base 11.
-86
Convert 22 (base 7) to base 4.
100
Convert -120 (base 5) to base 2.
-100011
-1 (base 4) to base 6
-1
-2a (base 12) to base 11
-31
-2a (base 16) to base 4
-222
What is 5b (base 16) in base 7?
160
Convert 0 (base 13) to base 10.
0
Convert -26 (base 12) to base 7.
-42
1210 (base 3) to base 5
143
What is 1 (base 2) in base 14?
1
7 (base 10) to base 6
11
-1c (base 14) to base 7
-35
What is 4 (base 8) in base 16?
4
Convert -1 (base 16) to base 15.
-1
Convert 8 (base 14) to base 2.
1000
Convert -19 (base 16) to base 6.
-41
Convert 3 (base 16) to base 6.
3
Convert -17 (base 13) to base 6.
-32
What is -1 (base 14) in base 5?
-1
-7 (base 14) to base 2
-111
What is 110 (base 4) in base 12?
18
Convert 210 (base 3) to base 4.
111
What is 10 (base 4) in base 3?
11
Convert -78 (base 14) to base 11.
-97
-10 (base 3) to base 15
-3
160 